-1). What is the greatest common divisor of i and g?
4
Suppose 0 = -2*t + 2 + 2. Suppose -57 = -t*h + 53. Calculate the highest common divisor of 11 and h.
11
Let k(r) = 37*r - 15. Let s be k(6). Suppose -6*x - s = -9*x. Calculate the greatest common divisor of x and 46.
23
Let x(a) = a + 8. Let v be x(-6). Suppose -2*c + 440 = v*c. Suppose 0 = 2*z - 3*z + 10. What is the greatest common divisor of c and z?
10
Suppose 0 = 5*f + 2*y - 1648, 3*f - 6*f + 2*y + 992 = 0. Calculate the highest common divisor of f and 30.
30
Suppose j = 3*j - 72. Let t(p) = -p**2 + 0*p**2 + 12*p - 7 - 1. Let s be t(10). Calculate the greatest common divisor of s and j.
12
Let t(s) = -s**3 - s**2 + 2*s - 5. Let f be t(-4). Suppose 0 = -g - 2. Let u be g - (-13 - -2 - -2). What is the greatest common factor of f and u?
7
Suppose 0 = -4*a + 3*y - 93 - 84, 4*a = -3*y - 159. Let g = a - -60. Calculate the highest common factor of 144 and g.
18
Let g = 8 + 3. Suppose 5*b = -h + 276, b - h - 56 = -2*h. Calculate the highest common factor of b and g.
11
Suppose 5*g + 3*j - 2*j = 65, -j = 3*g - 39. Suppose 4*x = 60 + 304. What is the highest common factor of x and g?
13
Let b(c) = c**2 - 9*c - 8. Let u(d) = -2*d**2 + 10*d + 8. Let k(t) = -3*b(t) - 2*u(t). Let f be k(-6). Calculate the greatest common divisor of f and 14.
2
Let t = -8 - -1. Let s = t - -13. Suppose -z - x = -s - 7, 49 = 3*z + 5*x. What is the highest common divisor of 24 and z?
8
Let m = -34 - -62. What is the greatest common factor of 14 and m?
14
Let q be 6/10 + (-228)/(-20). Calculate the highest common divisor of q and 30.
6
Suppose p = -3*p + 8. Suppose -2*c = 5*l + c - 52, 2*c + 8 = p*l. What is the greatest common divisor of l and 40?
8
Suppose -3*v + 15 = -0*v. Suppose -z = -v - 1. Let j be (4/(-6))/(4/(-18)). Calculate the highest common factor of j and z.
3
Suppose w = 3*x + 6, -2*w - 6*x = -x - 12. Let n = 4 + -6. Let m be -3*(-3 - (-2 - n)). Calculate the highest common divisor of m and w.
3
Let o = -45 - -64. Calculate the greatest common factor of o and 133.
19
Suppose 4*o - 2 - 66 = 0. Suppose -3*l + o = -2*l. Calculate the greatest common factor of l and 51.
17
Suppose 4*r + 57 = 3*r. Let n(a) = a**2 - 7*a - 5. Let b be n(5). Let i = b - r. What is the highest common divisor of 6 and i?
6
Let f(a) = -5*a**3 + 0 + 4*a**3 - a**2 - 3*a - 1. Let p be f(-2). Suppose 5*s = 0, 5*c - 2*s = -6*s + 405. Calculate the greatest common factor of c and p.
9
Suppose x = -5*v + 13 - 53, -2*v - 13 = x. Let d be 0 - 2*v/6. Calculate the highest common divisor of 21 and d.
3
Let q = 191 - 136. Suppose 0*i + 3*i - 3*r = 75, -3*i - r = -q. Calculate the greatest common factor of 4 and i.
4
Let g be 1*-51*(-4)/6. Suppose 0 = a - 6*a + 95. Let v = g - a. What is the highest common divisor of 5 and v?
5
Let v = -11 + 36. Let c be 144/14 + (-2)/7. What is the greatest common factor of v and c?
5
Let h(y) = y**3 - y**2 + y + 44. Let s be h(0). What is the highest common divisor of s and 4?
4
Let r = -5 + 10. Suppose 2*n = r*z - 19, n + 2 = -2*z + 3*z. Calculate the greatest common divisor of n and 3.
3
Let g(q) be the first derivative of 73*q**2/2 + 2*q + 1. Let s be g(1). Calculate the greatest common divisor of 30 and s.
15
Let q be (72/(-60))/(6/(-10)). Calculate the highest common divisor of q and 2.
2
Let y(v) = 160*v**2 + 3*v - 2. Let t be y(1). Calculate the greatest common factor of 23 and t.
23
Let r(l) = l**2 + 7*l - 8. Let j be r(-8). Suppose -p + 4*z + 51 = j, -3*p = -p + z - 66. What is the greatest common factor of p and 14?
7
Let t(o) = o**2 + o + 1. Let p be t(-2). Suppose 80 = c + p*c. Calculate the greatest common divisor of 120 and c.
20
Let z(u) = u**2 - 7*u - 7. Let w be z(9). Suppose s - 2*r = 13, 0 = -4*s + 4*r + 48. What is the highest common divisor of s and w?
11
Let p be 17/3 + (-2)/(-6). Let j = p - 2. Let s be (j/6)/((-4)/(-72)). What is the highest common divisor of 6 and s?
6
Let y = -1 + 6. Let i(q) = -q**2 + 3*q - 4. Let c be i(y). Let k = c - -30. What is the highest common factor of k and 48?
16
Let o(t) = -4*t**3 + t**2 + 3. Let q be o(-3). Let s(n) = 3*n. Suppose 0 = -5*f + 15 + 10. Let i be s(f). What is the greatest common divisor of i and q?
15
Let d(m) = -m**3 + 3*m**2 - 2. Let n be d(3). Let j be (-1)/n + (-269)/(-2). Let t = -10 - -25. What is the greatest common factor of j and t?
15
Let b(y) = -6*y - 4. Let g be b(-4). What is the greatest common factor of g and 5?
5
Let o be ((-16)/(-6))/((-22)/(-6) + -3). What is the highest common divisor of o and 4?
4
Let o(f) = f**2 - 3*f + 5. Let z be o(-7). What is the highest common factor of 15 and z?
15
Let t(p) = -p**2 - p - 15. Let y be t(0). Let k be 6/y - 197/(-5). What is the highest common divisor of k and 26?
13
Let p(c) = -c - 4. Let j be p(-2). Let h be j/(-7) + (-519)/(-21). Calculate the greatest common factor of h and 10.
5
Suppose l + 3*l = 4. Let y(j) = 4*j - 1. Let n(v) = -v + 1. Let p(x) = l*y(x) + 3*n(x). Let h be p(6). What is the greatest common divisor of h and 12?
4
Suppose 0 = -4*l + 8 + 12. Suppose -b + 4 = -36. Calculate the greatest common divisor of b and l.
5
Suppose -m + 19 = -4*z, -5*m - 8 = -4*z - 87. What is the highest common divisor of 30 and m?
15
Let a be ((-2)/(-6))/(2/(-6)). Let k be 3 + (a - -1 - -1). Let v(z) = 2*z - 4. Let p be v(k). Calculate the highest common divisor of 1 and p.
1
Let y = 1 - 1. Suppose y = -3*j + 5*s - 14, 3*j - s = -3*s + 14. Suppose -4*u = 2*c - 16, 2*u - 17 = -4*c - u. What is the highest common factor of j and c?
2
Suppose 4*l = 4*n + 64, -4*l + 5*n + 50 = -l. Suppose -6*b + 408 = 4*s - 3*b, 3*s + b = 311. Calculate the greatest common divisor of s and l.
15
Suppose 10 = 3*m - 26. Let l be 4/6 + 952/m. Let w(u) = 2*u**2 + 2. Let a be w(2). Calculate the greatest common divisor of a and l.
10
Let k = -2 - -32. Suppose -5*c + 9 - 4 = 0. Suppose u - 3*s - c = 4, u + 4*s = 40. What is the highest common divisor of k and u?
10
Suppose -g = -5*g - 5*o + 67, 0 = -4*g + 3*o + 107. Let j be -1*6 + 3 + g. Calculate the highest common divisor of 60 and j.
20
Suppose -41*s = -37*s - 276. What is the greatest common factor of s and 23?
23
Let w(z) = 3*z + 5. Let m be w(5). Let l = -6 + 14. Suppose -o + l = -0*o. Calculate the greatest common divisor of m and o.
4
Suppose -4*l + d - 409 = 0, -4*d - 500 = 5*l - 3*d. Let i be -3 + l*(-4 - -3). What is the highest common divisor of i and 14?
14
Suppose -4*z + 0*p + 835 = 3*p, 3*z + 2*p = 626. What is the highest common factor of z and 26?
26
Let u = 18 - -57. Let a = u + 1. Let w be (-2)/(-7) - 262/(-14). Calculate the highest common divisor of w and a.
19
Suppose -4*s = -80 + 12. Suppose 5*m - 43 = s. Calculate the greatest common factor of 12 and m.
12
Let u = -2 - -17. Let x be (u/25)/(1/10). What is the greatest common divisor of x and 4?
2
Let o(v) = -v**3 - 10*v**2 + 14*v - 4. Let y be o(-10). Let l be (5/(-3))/(6/y). Calculate the greatest common divisor of 8 and l.
8
Let h(v) = -2*v - 4*v - 4 + 7 + 5*v. Let z be h(-3). What is the greatest common factor of z and 30?
6
Let k be 2 + 2 - 0/2. Let f be (-24)/(-15)*(6 - 1). What is the greatest common factor of k and f?
4
Let a be 0 - (-1 + -20*1). Calculate the greatest common factor of 14 and a.
7
Let z be 14/4*(8 - (0 - -6)). What is the greatest common factor of 77 and z?
7
Let p be -8*(-2 + -1 - -2). What is the highest common divisor of p and 1?
1
Let z be 1 - (-11 - -4 - 0). Let l be 11*(2 - 1 - -39). Suppose 7*s - 2*s - l = 0. What is the highest common divisor of z and s?
8
Let b = 4 - 7. Let m be -3 + 1 - 33/b. Calculate the highest common factor of m and 63.
9
Let x(s) = -s**3 + 4*s**2 + 6*s + 1. Let t be x(5). Let n(c) = -c - 3. Let k be n(-6). Let y be t/9*k - -96. What is the greatest common divisor of 14 and y?
14
Let y be -1 + 1/(2/6). Suppose 2 = -2*c - 5*o - 4, y*c = -2*o. Let h be c/(-9) - (-762)/27. Calculate the greatest common factor of h and 14.
14
Suppose 14*r - 77 = 3*r. What is the greatest common factor of 1 and r?
1
Let s(i) = i + 10. Let o be s(5). Calculate the highest common factor of 15 and o.
15
Let w(m) = m**2 + m + 4. Let j be w(-3). Calculate the highest common divisor of j and 10.
10
Let c(b) = b - 4 + 3 + 3 - 1. Let z be c(5). What is the h